{"id":562,"date":"2022-03-09T16:41:19","date_gmt":"2022-03-09T15:41:19","guid":{"rendered":"https:\/\/immova-immobilien.de\/?page_id=562"},"modified":"2022-08-10T21:01:08","modified_gmt":"2022-08-10T19:01:08","slug":"finanzierungsvermittlung-2","status":"publish","type":"page","link":"https:\/\/immova-immobilien.de\/index.php\/finanzierungsvermittlung-2\/","title":{"rendered":"Finanzierungsvermittlung"},"content":{"rendered":"\n<p><\/p>\n\n\n\n<div style=\"height:29px\" aria-hidden=\"true\" class=\"wp-block-spacer\"><\/div>\n\n\n\n<h2 class=\"alignwide has-neve-link-hover-color-color has-text-color has-x-large-font-size wp-block-heading\" style=\"font-style:normal;font-weight:900\">Finanzierungsvermittlung<\/h2>\n\n\n\n<div style=\"height:36px\" aria-hidden=\"true\" class=\"wp-block-spacer\"><\/div>\n\n\n\n<div class=\"wp-block-cover alignfull\"><span aria-hidden=\"true\" class=\"wp-block-cover__background has-nv-light-bg-background-color has-background-dim-100 has-background-dim\"><\/span><div class=\"wp-block-cover__inner-container is-layout-flow wp-block-cover-is-layout-flow\">\n<div style=\"height:64px\" aria-hidden=\"true\" class=\"wp-block-spacer\"><\/div>\n\n\n\n<div class=\"wp-block-columns alignwide are-vertically-aligned-center is-layout-flex wp-container-core-columns-is-layout-9d6595d7 wp-block-columns-is-layout-flex\">\n<div class=\"wp-block-column is-vertically-aligned-center is-layout-flow wp-block-column-is-layout-flow\" style=\"flex-basis:600px\"><div class=\"wp-block-image is-style-rounded\">\n<figure class=\"aligncenter size-full is-resized\"><img loading=\"lazy\" decoding=\"async\" src=\"https:\/\/i0.wp.com\/immova-immobilien.de\/wp-content\/uploads\/2022\/03\/iStock-921531994-4-edited.jpg?resize=460%2C460&#038;ssl=1\" alt=\"\" class=\"wp-image-422\" width=\"460\" height=\"460\" srcset=\"https:\/\/i0.wp.com\/immova-immobilien.de\/wp-content\/uploads\/2022\/03\/iStock-921531994-4-edited.jpg?w=482&amp;ssl=1 482w, https:\/\/i0.wp.com\/immova-immobilien.de\/wp-content\/uploads\/2022\/03\/iStock-921531994-4-edited.jpg?resize=300%2C300&amp;ssl=1 300w, https:\/\/i0.wp.com\/immova-immobilien.de\/wp-content\/uploads\/2022\/03\/iStock-921531994-4-edited.jpg?resize=150%2C150&amp;ssl=1 150w\" sizes=\"auto, (max-width: 460px) 100vw, 460px\" \/><\/figure>\n<\/div><\/div>\n\n\n\n<div class=\"wp-block-column is-vertically-aligned-center is-layout-flow wp-block-column-is-layout-flow\" style=\"flex-basis:600px\">\n<p class=\"has-neve-text-color-color has-text-color\" style=\"font-style:normal;font-weight:700\">Sie wollen ein Eigenheim, ein Auto oder eine Sanierung finanzieren? Ich vergleiche die Konditionen von \u00fcber 400 Kreditinstituten, dabei ber\u00fccksichtige ich stets die aktuelle Marktlage und Ihre individuelle Situation.<\/p>\n\n\n\n<p class=\"has-neve-text-color-color has-text-color\" style=\"font-style:normal;font-weight:700\">So finden wir gemeinsam das Angebot, das am besten zu Ihnen passt. F\u00fcr Sie entstehen dabei keine Kosten.<\/p>\n<\/div>\n<\/div>\n\n\n\n<div class=\"wp-block-cover alignwide\" style=\"min-height:328px;aspect-ratio:unset;\"><span aria-hidden=\"true\" class=\"wp-block-cover__background has-nv-light-bg-background-color has-background-dim-100 has-background-dim\"><\/span><div class=\"wp-block-cover__inner-container is-layout-flow wp-block-cover-is-layout-flow\">\n<p class=\"has-neve-text-color-color has-text-color\"><strong>Folgende Finanzierungen kann ich Ihnen anbieten: <\/strong><\/p>\n\n\n\n<ul class=\"has-neve-text-color-color has-text-color wp-block-list\"><li><strong>Immobilienfinanzierung (Haus, Eigentumswohnung oder Kapitalanlage)<\/strong><\/li><li><strong>Umschuldung (Wechsel des Darlehengebers oder B\u00fcndelung mehrerer Kredite)<\/strong><\/li><li><strong>Anschlussfinanzierung (Finanzierung nach Ende der Zinsbindung)<\/strong><\/li><li><strong>Finanzierung von Modernisierungs- oder Sanierungsma\u00dfnahmen (unter Ber\u00fccksichtigung von F\u00f6rdermitteln)<\/strong><\/li><li><strong>Ratenkredit, sonstige Kapitalbeschaffung (Auto, K\u00fcche, &#8230;)<\/strong><\/li><\/ul>\n<\/div><\/div>\n<\/div><\/div>\n\n\n\n<div class=\"wp-block-cover alignfull\" style=\"min-height:94px;aspect-ratio:unset;\"><span aria-hidden=\"true\" class=\"wp-block-cover__background has-nv-site-bg-background-color has-background-dim-100 has-background-dim\"><\/span><div class=\"wp-block-cover__inner-container is-layout-flow wp-block-cover-is-layout-flow\">\n<p class=\"has-text-align-center has-large-font-size\"><\/p>\n<\/div><\/div>\n\n\n\n<div class=\"wp-block-cover alignfull\" style=\"min-height:544px;aspect-ratio:unset;\"><span aria-hidden=\"true\" class=\"wp-block-cover__background has-nv-light-bg-background-color has-background-dim-100 has-background-dim\"><\/span><div class=\"wp-block-cover__inner-container is-layout-flow wp-block-cover-is-layout-flow\">\n<div style=\"height:19px\" aria-hidden=\"true\" class=\"wp-block-spacer\"><\/div>\n\n\n\n<div class=\"wp-block-columns alignwide are-vertically-aligned-center is-layout-flex wp-container-core-columns-is-layout-9d6595d7 wp-block-columns-is-layout-flex\">\n<div class=\"wp-block-column is-vertically-aligned-center is-layout-flow wp-block-column-is-layout-flow\" style=\"flex-basis:500px\"><div class=\"wp-block-image is-style-rounded\">\n<figure class=\"aligncenter size-medium\"><img loading=\"lazy\" decoding=\"async\" width=\"300\" height=\"300\" src=\"https:\/\/i0.wp.com\/immova-immobilien.de\/wp-content\/uploads\/2022\/03\/CC3ADF7D-4538-49C6-90A5-1E0E23737605-edited-300x300.jpeg?resize=300%2C300&#038;ssl=1\" alt=\"\" class=\"wp-image-421\" srcset=\"https:\/\/i0.wp.com\/immova-immobilien.de\/wp-content\/uploads\/2022\/03\/CC3ADF7D-4538-49C6-90A5-1E0E23737605-edited.jpeg?resize=300%2C300&amp;ssl=1 300w, https:\/\/i0.wp.com\/immova-immobilien.de\/wp-content\/uploads\/2022\/03\/CC3ADF7D-4538-49C6-90A5-1E0E23737605-edited.jpeg?resize=1024%2C1024&amp;ssl=1 1024w, https:\/\/i0.wp.com\/immova-immobilien.de\/wp-content\/uploads\/2022\/03\/CC3ADF7D-4538-49C6-90A5-1E0E23737605-edited.jpeg?resize=150%2C150&amp;ssl=1 150w, https:\/\/i0.wp.com\/immova-immobilien.de\/wp-content\/uploads\/2022\/03\/CC3ADF7D-4538-49C6-90A5-1E0E23737605-edited.jpeg?resize=768%2C769&amp;ssl=1 768w, https:\/\/i0.wp.com\/immova-immobilien.de\/wp-content\/uploads\/2022\/03\/CC3ADF7D-4538-49C6-90A5-1E0E23737605-edited.jpeg?w=1234&amp;ssl=1 1234w\" sizes=\"auto, (max-width: 300px) 100vw, 300px\" \/><\/figure>\n<\/div><\/div>\n\n\n\n<div class=\"wp-block-column is-vertically-aligned-center is-layout-flow wp-block-column-is-layout-flow\" style=\"flex-basis:500px\">\n<p class=\"has-text-align-center has-neve-link-color-color has-text-color has-x-large-font-size\" style=\"font-style:normal;font-weight:900\">Sie haben Fragen?<\/p>\n\n\n\n<p class=\"has-text-align-center has-neve-link-hover-color-color has-text-color has-x-large-font-size\" style=\"font-style:italic;font-weight:700\">Ich berate Sie gerne.<\/p>\n\n\n\n<div class=\"wp-block-buttons is-content-justification-center is-layout-flex wp-container-core-buttons-is-layout-16018d1d wp-block-buttons-is-layout-flex\">\n<div class=\"wp-block-button\"><a class=\"wp-block-button__link has-nv-site-bg-color has-neve-link-hover-color-background-color has-text-color has-background\">KONTAKT<\/a><\/div>\n<\/div>\n<\/div>\n<\/div>\n<\/div><\/div>\n","protected":false},"excerpt":{"rendered":"<p>Finanzierungsvermittlung<\/p>\n","protected":false},"author":2,"featured_media":0,"parent":0,"menu_order":0,"comment_status":"closed","ping_status":"closed","template":"","meta":{"neve_meta_sidebar":"","neve_meta_container":"","neve_meta_enable_content_width":"","neve_meta_content_width":0,"neve_meta_title_alignment":"","neve_meta_author_avatar":"","neve_post_elements_order":"","neve_meta_disable_header":"","neve_meta_disable_footer":"","neve_meta_disable_title":"","_ti_tpc_template_sync":false,"_ti_tpc_template_id":"","spay_email":"","footnotes":""},"class_list":["post-562","page","type-page","status-publish","hentry"],"amp_enabled":true,"_links":{"self":[{"href":"https:\/\/immova-immobilien.de\/index.php\/wp-json\/wp\/v2\/pages\/562","targetHints":{"allow":["GET"]}}],"collection":[{"href":"https:\/\/immova-immobilien.de\/index.php\/wp-json\/wp\/v2\/pages"}],"about":[{"href":"https:\/\/immova-immobilien.de\/index.php\/wp-json\/wp\/v2\/types\/page"}],"author":[{"embeddable":true,"href":"https:\/\/immova-immobilien.de\/index.php\/wp-json\/wp\/v2\/users\/2"}],"replies":[{"embeddable":true,"href":"https:\/\/immova-immobilien.de\/index.php\/wp-json\/wp\/v2\/comments?post=562"}],"version-history":[{"count":38,"href":"https:\/\/immova-immobilien.de\/index.php\/wp-json\/wp\/v2\/pages\/562\/revisions"}],"predecessor-version":[{"id":937,"href":"https:\/\/immova-immobilien.de\/index.php\/wp-json\/wp\/v2\/pages\/562\/revisions\/937"}],"wp:attachment":[{"href":"https:\/\/immova-immobilien.de\/index.php\/wp-json\/wp\/v2\/media?parent=562"}],"curies":[{"name":"wp","href":"https:\/\/api.w.org\/{rel}","templated":true}]}}